{"id":28,"date":"2021-04-09T12:20:30","date_gmt":"2021-04-09T10:20:30","guid":{"rendered":"http:\/\/clinsdieu.be\/?page_id=28"},"modified":"2021-04-09T19:00:14","modified_gmt":"2021-04-09T17:00:14","slug":"a-propos-de","status":"publish","type":"page","link":"https:\/\/clinsdieu.be\/index.php\/a-propos-de\/","title":{"rendered":"Pourquoi Clins-Dieu ?"},"content":{"rendered":"\n<p>Parce qu\u2019il y a plein de gens extraordinaires qui font des choses cach\u00e9es dont il faut parler ;<\/p>\n\n\n\n<p>Parce que nos journ\u00e9es sont jalonn\u00e9es de magnifiques petits moments que j\u2019ai envie de relever ;<\/p>\n\n\n\n<p>Parce que j\u2019aime \u00e9crire et je commence \u00e0 avoir envie de le partager ;<\/p>\n\n\n\n<p>Parce qu\u2019il y a aussi des choses sur lesquelles on ferme les yeux, que j\u2019ai envie de d\u00e9noncer ;<\/p>\n\n\n\n<p>Parce que j\u2019aime m\u2019\u00e9merveiller et qu\u2019il est temps d\u2019oser !<\/p>\n\n\n\n<p>Chuchu<\/p>\n","protected":false},"excerpt":{"rendered":"<p>Parce qu\u2019il y a plein de gens extraordinaires qui font des choses cach\u00e9es dont il faut parler ; Parce que nos journ\u00e9es sont jalonn\u00e9es de magnifiques petits moments que j\u2019ai envie de relever ; Parce que j\u2019aime \u00e9crire et je commence \u00e0 avoir envie de le partager ; Parce qu\u2019il y a aussi des choses [&hellip;]<\/p>\n","protected":false},"author":1,"featured_media":149,"parent":0,"menu_order":0,"comment_status":"closed","ping_status":"closed","template":"templates\/template-full-width.php","meta":{"footnotes":""},"class_list":["post-28","page","type-page","status-publish","has-post-thumbnail","hentry"],"_links":{"self":[{"href":"https:\/\/clinsdieu.be\/index.php\/wp-json\/wp\/v2\/pages\/28","targetHints":{"allow":["GET"]}}],"collection":[{"href":"https:\/\/clinsdieu.be\/index.php\/wp-json\/wp\/v2\/pages"}],"about":[{"href":"https:\/\/clinsdieu.be\/index.php\/wp-json\/wp\/v2\/types\/page"}],"author":[{"embeddable":true,"href":"https:\/\/clinsdieu.be\/index.php\/wp-json\/wp\/v2\/users\/1"}],"replies":[{"embeddable":true,"href":"https:\/\/clinsdieu.be\/index.php\/wp-json\/wp\/v2\/comments?post=28"}],"version-history":[{"count":7,"href":"https:\/\/clinsdieu.be\/index.php\/wp-json\/wp\/v2\/pages\/28\/revisions"}],"predecessor-version":[{"id":89,"href":"https:\/\/clinsdieu.be\/index.php\/wp-json\/wp\/v2\/pages\/28\/revisions\/89"}],"wp:featuredmedia":[{"embeddable":true,"href":"https:\/\/clinsdieu.be\/index.php\/wp-json\/wp\/v2\/media\/149"}],"wp:attachment":[{"href":"https:\/\/clinsdieu.be\/index.php\/wp-json\/wp\/v2\/media?parent=28"}],"curies":[{"name":"wp","href":"https:\/\/api.w.org\/{rel}","templated":true}]}}